98 = -416*y + 846. Calculate the greatest common factor of y and 493.
17
Suppose -n + 10307 = 2*p, -5*p + 19*n + 25766 = 21*n. What is the highest common factor of p and 42?
14
Let f be ((-768)/160)/((-84)/105). Let p = 63 - 26. Let a = p + -22. What is the greatest common factor of a and f?
3
Let n = -493 + 527. Let a = 28 + -43. Let g be (20/a)/((-2)/561). What is the greatest common factor of g and n?
34
Let m be ((-28)/(-21))/(2/27). Suppose 13501 = o + 13495. What is the highest common factor of m and o?
6
Let u(w) = -w**3 - 20*w**2 + 20*w + 109. Suppose 16 = -y - 5*p, p = -3*y + 3*p - 65. Let a be u(y). Calculate the highest common divisor of 65 and a.
65
Let r be 4/(-30) - 1/((-30)/4834). Suppose 5*h + 69 = u, -4*u = 3*h - 0*h - r. What is the highest common divisor of 4 and u?
4
Let q = 968 - 664. Let m be (-12)/9*(5 + 4)/(-3). Let r = m - -34. Calculate the greatest common factor of r and q.
38
Let g(h) = h**3 - h + 40. Let v be g(0). Let f be (-1)/((-665)/(-335) + -2) - -2. Let w = f - 64. What is the highest common divisor of v and w?
5
Let d = 6227 - 5909. What is the highest common factor of 33 and d?
3
Let b be (4/(-5) - -2)/((-35892)/1800 - -20). Suppose -2*s - 7 = -31. Calculate the highest common divisor of s and b.
4
Let x(s) = -85*s**3 + 14*s + 15. Let c be x(-1). Calculate the greatest common factor of 129 and c.
43
Suppose 0 = 20*v - 3193 - 6007. Calculate the greatest common factor of 4255 and v.
115
Suppose -63 = 3*o - 0*n + n, -2*o - 5*n - 29 = 0. Let y be (-32)/40*(-130)/(-4). Let h = o - y. What is the highest common divisor of h and 32?
4
Suppose 3*a - 8*a = -425. Let u(c) = -21*c + 6. Let f be u(-7). Suppose 0 = -9*s + 18*s - f. Calculate the highest common factor of a and s.
17
Let r(a) = -a**3 + 8*a**2 - 5*a + 8. Let m be r(7). Suppose 105*i = 110*i - 880. Let s be (i/28 + 0)/(10/35). Calculate the highest common divisor of m and s.
22
Let o = 29 - -227. Suppose -18626*k + 6272 = -18612*k. Calculate the greatest common divisor of o and k.
64
Let p = -16613 - -16703. What is the highest common factor of p and 2304?
18
Let v be 3 + 5 + (-55)/5 - 1. Let i(x) = 2*x + 64. Let d be i(v). What is the greatest common divisor of 35 and d?
7
Let q(s) = 21*s**2 + 114*s - 582. Let i be q(14). Calculate the greatest common divisor of 2160 and i.
270
Suppose -7*j - 2142 = -9*j - 15*j. What is the highest common factor of j and 2373?
21
Suppose 8*s + 12*s = 4760. What is the highest common factor of s and 322?
14
Suppose -5*u - 141 = 4*o, -143 = 2*u + 3*u + 2*o. Let s = -5 - u. Let q be ((-6)/(-5))/((-191)/(-955)). Calculate the greatest common factor of s and q.
6
Suppose 5*v - 6*v + 200 = 0. Suppose -v = -g - 4*g. Suppose 156*j - 492 = -19*j + 1258. Calculate the greatest common factor of g and j.
10
Let d(n) = -989*n - 18. Let p be d(1). Let f = p + 1931. Calculate the greatest common divisor of f and 84.
84
Suppose -n + 5*o + 302 = 60, 5*o = -n + 242. Calculate the greatest common divisor of n and 594.
22
Suppose 488*n = 14602 - 2890. Let c be 25/1 + (-1 - 0). What is the greatest common factor of n and c?
24
Let i(s) = 154*s - 530. Let l be i(4). What is the greatest common divisor of 31820 and l?
86
Let y(m) = -79*m - 1633. Let k be y(-22). What is the highest common divisor of 385 and k?
35
Suppose -z - 104 = -2*z. Let k(q) = 945*q - 4686. Let s be k(5). What is the highest common divisor of z and s?
13
Let t be ((-9)/(-4))/(2/200). Suppose 5*c = -2*y + 3*y + 555, -2*y - 2*c - 1050 = 0. Let o = 575 + y. What is the highest common factor of t and o?
45
Let f be 669/9 - 2/(-3). Suppose 3*g - 2*z = 51, 831*z + 12 = g + 832*z. What is the highest common factor of f and g?
15
Let q = -74 - -74. Suppose 13*i - 16*i = q. Let y be (-65 + i)/(-5) + 1. Calculate the greatest common factor of 28 and y.
14
Suppose -321049 - 434375 = -48*l. Calculate the highest common factor of 129 and l.
129
Let a be (2/(-3) - -1)/(11*(-19)/(-4389)). Calculate the highest common divisor of a and 1379.
7
Let j be (-2)/47 + 296240/3290. Suppose 2*h = -h. Let g be 15*(h + 4/6). Calculate the highest common divisor of g and j.
10
Let v be 52/(-65) + (2/(-3) - 1122/(-90)). Let i(b) = 2*b**2 + 5*b - 5. Let s be i(-4). Calculate the greatest common divisor of s and v.
1
Let t(n) = 2 + 3 - 5*n - 6 + 3*n. Let w be t(-9). Let i = 33 - w. Calculate the highest common factor of i and 4.
4
Let k(n) = -n**2 + n - 441. Let c be k(0). Let r = c + 465. Calculate the highest common divisor of r and 66.
6
Suppose 8*i + w = 4*i + 59, i + w = 17. Let p(t) = 35*t + 105. Let f be p(i). What is the greatest common factor of f and 35?
35
Let s = 9937 - 8601. What is the greatest common divisor of s and 5678?
334
Suppose -z + 11*z + 11470 = 0. Let k = z - -2953. What is the highest common divisor of 42 and k?
42
Suppose -3*o = 5 - 53. Let r = o + 59. Suppose 8*n + r = 11*n. What is the greatest common divisor of n and 10?
5
Suppose -18*o - 226 + 509 = -221. Let x be (-1 - -7)*28/6. Calculate the greatest common factor of o and x.
28
Let q = 2815 + -1401. What is the highest common divisor of 42 and q?
14
Suppose 4*s = 10*s - 1512. What is the greatest common divisor of s and 1932?
84
Let n(b) be the second derivative of -37*b**3/6 + 5*b**2/2 + 14*b. Let x be n(2). Let w = -50 - x. Calculate the highest common factor of w and 76.
19
Suppose 5*i - 4 = 2*c, -i = -3*c + 5*c - 20. Suppose c*t - 302 = -86. Calculate the greatest common factor of 243 and t.
27
Suppose -x + 761 = 4*p, 0 = 5*p + 5*x - 543 - 412. What is the greatest common divisor of 90 and p?
10
Suppose 5 - 5 = 15*m. Suppose 0 = -3*n - 3*g + 1074, -3*n + 0*n + 5*g + 1042 = m. Calculate the highest common divisor of 59 and n.
59
Suppose -181*o = -392*o + 34815. Let i be 13/5 + (-2)/(-5). Calculate the greatest common factor of o and i.
3
Let j = -77072 + 117020. Calculate the highest common divisor of 12 and j.
12
Suppose 4*w + 39 = 191. Let z(p) = 10*p + 5. Let v be z(6). Suppose -v = -4*q + 1607. What is the greatest common divisor of q and w?
38
Let y(b) = 119*b**3 - 5*b**2 + 177*b - 351. Let d be y(2). Calculate the highest common divisor of d and 425.
85
Suppose -27*p - 15*p + 15078 = 0. Calculate the highest common divisor of 1 and p.
1
Let w = 20 - 14. Let h be (-978)/(-3) + (-12)/w. Let y be h/30*10/3. What is the highest common divisor of 24 and y?
12
Let n = 1504 + -1074. Let h = 468 - n. Calculate the greatest common divisor of 2 and h.
2
Suppose 49*d - 144849 + 144408 = 0. Let o(l) = 4*l**2 - 8*l - 6. Let u be o(6). Calculate the highest common factor of d and u.
9
Suppose 5*d + 26 = g, -2*d = g + 3*g - 38. Let r be g + 2*21/(-14). What is the highest common divisor of 160 and r?
8
Suppose 0 = -4*g - 2*k + 2114, 5*k + 1638 - 98 = 3*g. What is the greatest common divisor of g and 280?
35
Suppose -58*z - 28*z + 413316 = 0. Calculate the highest common factor of z and 54.
54
Suppose -3*y = -30 - 18. Suppose -3*h + 52 - y = 0. Let s be 16/20*10/1. What is the greatest common divisor of h and s?
4
Let n be (1 - 55/4)/((-3)/40). Let i be n/(-3) - (-2)/3. Let s = 63 + i. Calculate the greatest common factor of 7 and s.
7
Let f(u) = 3*u**2 + u**3 - 9*u**2 - 9*u + 14 + 5. Let x be (10/2 + (-5 - -20))/2. Let k be f(x). What is the highest common factor of 47 and k?
47
Let j be (16 - -14)*((-16)/(-56) + 1030/21). What is the greatest common factor of j and 37?
37
Suppose -5*r - 4*p - 658 = -129, -5*r = -p + 524. Let f = r + 109. Let z be (2/f)/((-189)/(-186) + -1). Calculate the highest common factor of 341 and z.
31
Let t be (-16)/6 + 0 - 2/6. Let k be t*(10/3 - 3)*-2. Suppose -r - 55 = -2*r - 5*o, r + k*o - 55 = 0. Calculate the highest common divisor of 22 and r.
11
Let q(s) = s**3 - 8*s**2 - 6*s - 13. Let p be q(9). Suppose 3*o = -p + 29. Suppose -o*v + 37 + 63 = 0. Calculate the highest common factor of 4 and v.
4
Let g = -46 - -100. Let u = -50268 - -50511. What is the greatest common factor of u and g?
27
Suppose -3*p - 16 = 2*r + p, -5*r - 3*p = 12. Suppose r*a - 5*a + 10 = 0. Calculate the greatest common factor of a and 46.
2
Let o(q) = 63*q - 502. Let u be o(42). Calculate the highest common factor of 134 and u.
134
Suppose 2*q = -4, -5*f + 5*q = -1124 + 44. Let o = f + -199. What is the highest comm